{"id":235,"date":"2020-09-23T15:34:23","date_gmt":"2020-09-23T15:34:23","guid":{"rendered":"http:\/\/pfs2.talonzorch.de\/?page_id=235"},"modified":"2020-10-27T13:24:43","modified_gmt":"2020-10-27T13:24:43","slug":"1-1-willkommen-zur-gesellschaft-der-kundschafter","status":"publish","type":"page","link":"https:\/\/pfs2.talonzorch.de\/?page_id=235","title":{"rendered":"1.1 Willkommen zur Gesellschaft der Kundschafter"},"content":{"rendered":"\n<blockquote class=\"wp-block-quote has-text-align-center is-layout-flow wp-block-quote-is-layout-flow\"><p><strong><em>ACHTUNG: Bei Unklarheiten oder zur Beilegung von Streitigkeiten gilt in jedem Fall der Englische Guide. Dieser Disclaimer steht aktiv auf jeder Seite. Solltet ihr eine solche Unklarheit finden, kontaktiert mich bitte, damit ich einen entsprechenden Vermerk eintragen kann.<\/em><\/strong><\/p><cite>Disclaimer f\u00fcr den Guide<\/cite><\/blockquote>\n\n\n\n<p>Quelle: http:\/\/www.organizedplayfoundation.org\/paizo\/guides\/pfs2guide-en\/welcome-to-pathfinder-society-pfs2-en\/<\/p>\n\n\n\n<p>Pathfinder Society (zweite Auflage) ist eine weltweite Fantasy-Rollenspielkampagne, die auf die Welt von Golarion im Zeitalter der verlorenen Omen spielt. Als Agenten der Pathfinder Society, einer legend\u00e4ren Liga von Forschern, Arch\u00e4ologen und Abenteurern mit Sitz in Absalom, widmen Sie Ihr Leben der Entdeckung und Aufzeichnung der gr\u00f6\u00dften Mysterien und Wunder einer antiken Welt. Die Abenteuer der Kundschafter reichen von der Erkundung der dunklen Gassen \u00fcber politische Intrigen bis hin zu ausgedehnten Reisen zu aufregenden Schaupl\u00e4tzen.<\/p>\n\n\n\n<p>Die Pathfinder Society (zweite Ausgabe) verwendet Paizos Pathfinder Zweite Edition Regelwerk und das Kampagnensetting &#8220;Verlorene Omen&#8221; unter der Kampagnenleitung des Paizo Organized Play Teams. Dieser Leitfaden enth\u00e4lt die Informationen, die Sie zur Teilnahme an dieser spannenden, dynamischen Kampagne ben\u00f6tigen. Willkommen bei der Pathfinder Society!<\/p>\n\n\n\n<h3 class=\"wp-block-heading\">1.1.1 Was ist Paizos Organized Play?<\/h3>\n\n\n\n<p>In einer von Paizo organisierten Spielkampagne erlebt Ihr Charakter Abenteuer in einer gemeinsamen Umgebung mit Tausenden von anderen Spielern weltweit. Jeder kann Spiele veranstalten, zu Hause, in Spielshops, Bibliotheken, auf Conventions und online, solange er die Ergebnisse des Abenteurers im Nachhinein meldet. Die Berichterstattung bringt den Teilnehmern Belohnungen f\u00fcr die Kampagne ein, und die Aktionen der Spieler beeinflussen das Schicksal des Lost-Omens-Settings.<\/p>\n\n\n\n<p>Als Teil des organisierten Spielerlebnisses k\u00f6nnen Sie Ihre Charaktere zu jeder beliebigen Veranstaltung der Pathfinder Society (zweite Auflage) in der Welt mitnehmen, so dass Sie problemlos an einem Spiel mit Freunden und Fremden teilnehmen k\u00f6nnen. Und nach jedem Abenteuer werden Ihre Charaktere st\u00e4rker und tragen ihre Belohnungen mit sich zum n\u00e4chsten Abenteuer, auch wenn Ihre Mitspieler und Game Master (GMs) zwischen den Abenteuern wechseln. Das von Paizo organisierte Spielerlebnis ist einzigartig fesselnd, da die Vielfalt der Spieler, GMs und Charaktere f\u00fcr eine unglaubliche Tiefe sorgt. Die Kampagne ist auch eine gro\u00dfartige M\u00f6glichkeit, andere Spieler zu treffen und regelm\u00e4\u00dfig zu spielen, ohne regelm\u00e4\u00dfige Veranstaltungen mit einer einzigen Gruppe von Leuten planen zu m\u00fcssen, wie es bei einem eher traditionellen Spiel der Fall sein k\u00f6nnte.<\/p>\n\n\n\n<p>Damit das Programm der Pathfinder Society (zweite Auflage) in einer gemeinsam genutzten Welt reibungslos funktionieren kann, hat die Kampagne einige zus\u00e4tzliche Regeln, um ein faires und gleichberechtigtes Erlebnis f\u00fcr alle Teilnehmer zu gew\u00e4hrleisten &#8211; unabh\u00e4ngig davon, wer das Spiel spielt oder leitet. Der Rest dieses Leitfadens behandelt diese Informationen.<\/p>\n\n\n\n<p>Neben der Kampagne der Pathfinder Society (zweite Auflage) umfasst das Programm Paizo Organized Play auch die Kampagnen der Starfinder Society, der Pathfinder Adventure Card Society und der Pathfinder Society (erste Auflage).<\/p>\n\n\n\n<p>Paizos Organized Play Team \u00fcberwacht den Inhalt und die Programmstruktur der Kampagne, und zu den Teammitgliedern geh\u00f6ren der Organized Play Manager, der Organized Play Managing Developer, die Entwickler der Pathfinder Society und die Design-Liaison der Pathfinder Society. Freiwillige, so genannte Venture-Officer, unterst\u00fctzen die Kampagne, indem sie das weltweite Netzwerk von Spielern und GMs koordinieren.<\/p>\n\n\n\n<h3 class=\"wp-block-heading\">1.1.2 Registriere dich f\u00fcr das Organized Play<\/h3>\n\n\n\n<p>Um sicherzustellen, dass Sie Zugang zu allen Werkzeugen und Vorteilen haben, die unseren Spielern zur Verf\u00fcgung stehen, sollten die Teilnehmer \u00fcber eine Organized Play ID und ein Konto auf paizo.com verf\u00fcgen. Um ein Konto zu erstellen, besuchen Sie paizo.com\/organizedplay und klicken Sie auf die Schaltfl\u00e4che &#8220;New Players Create an Account&#8221;.<\/p>\n\n\n\n<p>Wenn Sie nicht in der Lage sind, online eine organisierte Spielnummer zu erhalten, bitten Sie Ihren Veranstaltungskoordinator um Hilfe.<\/p>\n\n\n\n<h4 class=\"wp-block-heading\">1.1.2.1 My Organized Play<\/h4>\n\n\n\n<p>Jeder registrierte Teilnehmer an organisierten Spielen hat einen Eintrag auf paizo.com. Sie k\u00f6nnen auf diese Informationen \u00fcber einen direkten Link zugreifen oder indem Sie paizo.com besuchen, indem Sie mit der Maus auf Mein Konto oben rechts auf dem Bildschirm schweben\/klicken und dann Organisiertes Spiel w\u00e4hlen. Auf Ihrer Konto-Seite gibt es mehrere Registerkarten.<\/p>\n\n\n\n<ul class=\"wp-block-list\"><li>Summary: Eine Liste Ihres GM-Rangs, aller registrierten Charaktere und Charakter-Reputationssummen. Sie k\u00f6nnen neue Charaktere anlegen, indem Sie den gew\u00fcnschten Typ unten auf dem Bildschirm ausw\u00e4hlen.<\/li><li>Sessions: Eine chronologische Liste aller Spiele, an denen Sie teilgenommen haben, die nach den Kriterien auf der linken Seite sortiert werden kann.<\/li><li>GM\/Event Coordinator: Eine Liste der verdienten Punkte wie AcP (Errungenschaftspunkte) oder GM-Glyphen, sowie eine Liste aller Events, die Sie leiten, und eine Schaltfl\u00e4che zum Erstellen neuer Events.<\/li><li>Boons: Eine Liste aller derzeit verf\u00fcgbaren Segen in einem Programm. Der Abschnitt Vorteile beschreibt, wie man Vorteile kaufen kann.<\/li><li>Evaluations: Regionale Venture-Coordinators &amp; Venture-Captains haben diese Registerkarte, um GM-Evaluierungsspiele aufzuzeichnen. Siehe GM-Belohnungen f\u00fcr weitere Informationen.<\/li><\/ul>\n\n\n\n<p>Wenn Sie einen Fehler in Ihrer Sessions finden, senden Sie eine E-Mail an pfsreportingerrors@paizo.com mit dem Fehler und den Ihnen vorliegenden unterst\u00fctzenden Unterlagen, wie die korrekten Daten lauten sollten.<\/p>\n\n\n\n<h3 class=\"wp-block-heading\">1.1.3 Community Code of Conduct<\/h3>\n\n\n\n<p>Alle Teilnehmer am Organisierten Spiel m\u00fcssen den paizo Organzied Play-Verhaltenskodex und die Standards der PFS-Gemeinschaft einhalten &#8211; lesen Sie sie durch und halten Sie sie bei allen Veranstaltungen und Sitzungen des Organisierten Spiels ein.<\/p>\n\n\n\n<h3 class=\"wp-block-heading\">1.1.4 Charaktere<\/h3>\n\n\n\n<p>Als n\u00e4chstes ben\u00f6tigen Sie einen Charakter zum Spielen. Sie k\u00f6nnen entweder einen vorgenerierten Charakter verwenden oder einen eigenen Charakter erstellen.<\/p>\n\n\n\n<h4 class=\"wp-block-heading\">1.1.4.1 Einen vorgenerierten Charakter nutzen<\/h4>\n\n\n\n<p>Wenn Sie keine Zeit haben, einen neuen Charakter zu erstellen, oder eine neue Charakterklasse ausprobieren m\u00f6chten, k\u00f6nnen Sie einen vorgenerierten Charakter, auch Pregen genannt, verwenden, der auf den ikonischen Pathfinder-Klassen basiert. Ein Spieler kann jeden der vorgenerierten Charaktere w\u00e4hlen, ohne die zugeh\u00f6rigen Regelb\u00fccher oder Quellen zu besitzen. Sie k\u00f6nnen das Pathfinder Community Use Package herunterladen: PF2E Iconics Pregenerated Characters herunterladen oder bei Ihrem \u00f6rtlichen Veranstaltungskoordinator anfordern.<\/p>\n\n\n\n<h4 class=\"wp-block-heading\">1.1.4.2 Deinen eigenen Charakter verwenden<\/h4>\n\n\n\n<p>Wenn Sie die Zeit haben und wissen, was Sie spielen wollen, k\u00f6nnen Sie Ihren Charakter nach den Regeln im Anhang zur Charaktererstellung erstellen.<\/p>\n\n\n\n<p>Wenn Sie mit der Erstellung Ihres Charakters fertig sind, registrieren Sie ihn, indem Sie zu Ihrem organisierten Spielkonto gehen, sich anmelden und auf &#8220;Register a New Pathfinder Society (second edition) Character&#8221; klicken.<\/p>\n\n\n\n<h3 class=\"wp-block-heading\">1.1.5 Wo kann ich Spiele finden?<\/h3>\n\n\n\n<p>Jede Gemeinschaft verwendet ihren eigenen Spielplanungsprozess. Zu den gemeinsamen Plattformen, die bei der Spielplanung verwendet werden, geh\u00f6ren<\/p>\n\n\n\n<p><a href=\"http:\/\/paizo.com\/organizedplay\/events\">Paizo Event Calendar<br><\/a><a href=\"http:\/\/warhorn.net\/\">Warhorn<\/a><br><a href=\"http:\/\/pfschat.com\/\">Online Region Discord<br><\/a><a href=\"http:\/\/www.meetup.com\/\">Meetup<\/a><\/p>\n\n\n\n<p><\/p>\n\n\n\n<h4 class=\"wp-block-heading\">Changelog<\/h4>\n\n\n\n<h5 class=\"wp-block-heading\">27.10.2020:<\/h5>\n\n\n\n<ul class=\"wp-block-list\"><li>Keine \u00c4nderungen<\/li><\/ul>\n","protected":false},"excerpt":{"rendered":"<p>ACHTUNG: Bei Unklarheiten oder zur Beilegung von Streitigkeiten gilt in jedem Fall der Englische Guide. Dieser Disclaimer steht aktiv auf jeder Seite. Solltet ihr eine solche Unklarheit finden, kontaktiert mich bitte, damit ich einen entsprechenden Vermerk eintragen kann. Disclaimer f\u00fcr den Guide Quelle: http:\/\/www.organizedplayfoundation.org\/paizo\/guides\/pfs2guide-en\/welcome-to-pathfinder-society-pfs2-en\/ Pathfinder Society (zweite Auflage) ist eine weltweite Fantasy-Rollenspielkampagne, die auf die [&hellip;]<\/p>\n","protected":false},"author":1,"featured_media":0,"parent":230,"menu_order":1,"comment_status":"closed","ping_status":"closed","template":"","meta":{"footnotes":""},"class_list":["post-235","page","type-page","status-publish","hentry"],"_links":{"self":[{"href":"https:\/\/pfs2.talonzorch.de\/index.php?rest_route=\/wp\/v2\/pages\/235","targetHints":{"allow":["GET"]}}],"collection":[{"href":"https:\/\/pfs2.talonzorch.de\/index.php?rest_route=\/wp\/v2\/pages"}],"about":[{"href":"https:\/\/pfs2.talonzorch.de\/index.php?rest_route=\/wp\/v2\/types\/page"}],"author":[{"embeddable":true,"href":"https:\/\/pfs2.talonzorch.de\/index.php?rest_route=\/wp\/v2\/users\/1"}],"replies":[{"embeddable":true,"href":"https:\/\/pfs2.talonzorch.de\/index.php?rest_route=%2Fwp%2Fv2%2Fcomments&post=235"}],"version-history":[{"count":4,"href":"https:\/\/pfs2.talonzorch.de\/index.php?rest_route=\/wp\/v2\/pages\/235\/revisions"}],"predecessor-version":[{"id":432,"href":"https:\/\/pfs2.talonzorch.de\/index.php?rest_route=\/wp\/v2\/pages\/235\/revisions\/432"}],"up":[{"embeddable":true,"href":"https:\/\/pfs2.talonzorch.de\/index.php?rest_route=\/wp\/v2\/pages\/230"}],"wp:attachment":[{"href":"https:\/\/pfs2.talonzorch.de\/index.php?rest_route=%2Fwp%2Fv2%2Fmedia&parent=235"}],"curies":[{"name":"wp","href":"https:\/\/api.w.org\/{rel}","templated":true}]}}